{"id":36,"date":"2010-11-08T15:40:54","date_gmt":"2010-11-08T13:40:54","guid":{"rendered":"http:\/\/muusika.nvv.ee"},"modified":"2025-12-03T09:07:31","modified_gmt":"2025-12-03T07:07:31","slug":"dokumendid","status":"publish","type":"page","link":"https:\/\/muusika.nvv.ee\/?page_id=36","title":{"rendered":"DOKUMENDID"},"content":{"rendered":"<ul>\n<li><a href=\"http:\/\/muusika.nvv.ee\/failid\/pohimaarus.pdf\">P\u00f5him\u00e4\u00e4rus<\/a><\/li>\n<li><a href=\"https:\/\/drive.google.com\/file\/d\/1Lwfhp-J_-Vrc5oui0KPg8IhKJzuF0F5Q\/view?usp=drive_link\" rel=\"\">Kooli arengukava<\/a><\/li>\n<li><a href=\"https:\/\/drive.google.com\/file\/d\/16EE1rhmUu7p-S66Wl751j0h44ROrKooJ\/view?usp=sharing\" target=\"_blank\" rel=\"noopener noreferrer\">Huvikooli vastuv\u00f5tmise, v\u00e4ljaarvamise ja l\u00f5petamise tingimused ja kord<\/a><\/li>\n<li><a href=\"http:\/\/muusika.nvv.ee\/dokumendid\/noo-muusikakooli-opilase-kodukord\/\" rel=\"attachment wp-att-2307\">N\u00f5o Muusikakooli \u00f5pilase kodukord<\/a><\/li>\n<li><a href=\"https:\/\/drive.google.com\/file\/d\/1As40yIbWdg8bxKQAIDMnwBAWBv_kSLSc\/view?usp=sharing\">N\u00f5o Muusikakooli hindamisjuhend<\/a><\/li>\n<li><a href=\"http:\/\/muusika.nvv.ee\/wp-content\/uploads\/2010\/11\/N\u00f5uded-sisseastujale.pdf\">N\u00f5uded sisseastujale<\/a><\/li>\n<\/ul>\n<p>Hoolekogu koosoleku protokollid 2017. aastal:<\/p>\n<ul>\n<li><a href=\"http:\/\/muusika.nvv.ee\/dokumendid\/01hoolekogu-protokoll\/\" rel=\"attachment wp-att-1601\">Jaanuari hoolekogu koosoleku protokoll<\/a><\/li>\n<li><a href=\"http:\/\/muusika.nvv.ee\/dokumendid\/02hoolekoguprotokoll\/\" rel=\"attachment wp-att-1602\">Veebruari hoolekogu koosoleku protokoll<\/a><\/li>\n<li><a href=\"http:\/\/muusika.nvv.ee\/dokumendid\/03hoolekoguprotokoll\/\" rel=\"attachment wp-att-1603\">M\u00e4rtsi hoolekogu koosoleku protokoll<\/a><\/li>\n<li><a href=\"http:\/\/muusika.nvv.ee\/dokumendid\/04hoolekoguprotokoll\/\" rel=\"attachment wp-att-1604\">Aprilli hoolekogu koosoleku protokoll<\/a><\/li>\n<li><a href=\"http:\/\/muusika.nvv.ee\/dokumendid\/juuni-hoolekogu-koosoleku-protokoll\/\" rel=\"attachment wp-att-2058\">Juuni hoolekogu koosoleku protokoll<\/a><\/li>\n<li><a href=\"http:\/\/muusika.nvv.ee\/wp-content\/uploads\/2017\/09\/protokoll5.pdf\" rel=\"\">Augusti hoolekogu koosoleku protokoll<\/a><\/li>\n<li><a href=\"http:\/\/muusika.nvv.ee\/wp-content\/uploads\/2010\/11\/Protokoll6.pdf\" rel=\"\">Oktoobri hoolekogu koosoleku protokoll<\/a><\/li>\n<li><a href=\"http:\/\/muusika.nvv.ee\/wp-content\/uploads\/2010\/11\/Novembri-hoolekogu-koosoleku-protokoll.pdf\" rel=\"\">Novembri hoolekogu koosoleku protokoll<\/a><\/li>\n<\/ul>\n<p>Hoolekogu koosoleku protokollid 2018. aastal:<\/p>\n<ul>\n<li><a href=\"http:\/\/muusika.nvv.ee\/dokumendid\/jaanuari-hoolekogu-koosoleku-protokoll\/\" rel=\"attachment wp-att-2057\">Jaanuari hoolekogu koosoleku protokoll<\/a><\/li>\n<li><a href=\"http:\/\/muusika.nvv.ee\/dokumendid\/veebruari-hoolekogu-koosoleku-protokoll\/\" rel=\"attachment wp-att-2060\">Veebruari hoolekogu koosoleku protokoll<\/a><\/li>\n<li><a href=\"http:\/\/muusika.nvv.ee\/dokumendid\/martsi-hoolekogu-koosoleku-protokoll\/\" rel=\"attachment wp-att-2059\">M\u00e4rtsi hoolekogu koosoleku protokoll<\/a><\/li>\n<li><a href=\"http:\/\/muusika.nvv.ee\/dokumendid\/augusti-hoolekogu-koosoleku-protokoll\/\" rel=\"attachment wp-att-2269\">Augusti hoolekogu koosoleku prtokoll<\/a><\/li>\n<li><a href=\"http:\/\/muusika.nvv.ee\/dokumendid\/oktoobri-hoolekogu-koosoleku-protokoll\/\" rel=\"attachment wp-att-2280\">Oktoobri hoolekogu koosoleku protokoll<\/a><\/li>\n<li><a href=\"http:\/\/muusika.nvv.ee\/dokumendid\/novembri-hoolekogu-koosoleku-protokoll-2\/\" rel=\"attachment wp-att-2272\">Novembri hoolekogu koosoleku protokoll<\/a><\/li>\n<\/ul>\n<p>Hoolekogu koosoleku protokollid 2019. aastal:<\/p>\n<ul>\n<li><a href=\"http:\/\/muusika.nvv.ee\/dokumendid\/pk2019-04apr\/\" rel=\"attachment wp-att-2370\">Aprilli hoolekogu koosoleku protokoll<\/a><\/li>\n<li><a href=\"http:\/\/muusika.nvv.ee\/dokumendid\/augusti-hoolekogu-koosoleku-protokoll\/\" rel=\"attachment wp-att-2428\">Augusti hoolekogu koosoleku protokoll<\/a><\/li>\n<\/ul>\n\n\n<div class=\"wp-block-file\"><a id=\"wp-block-file--media-0790100e-1f4c-46a3-a339-614989fee9f3\" href=\"https:\/\/muusika.nvv.ee\/wp-content\/uploads\/2020\/10\/Hoolekogu-protokoll09-2020.pdf\">Hoolekogu koosoleku protokollid 2020. aastal:<br>Septembri hoolekogu koosoleku protokoll 2020<\/a><a href=\"https:\/\/muusika.nvv.ee\/wp-content\/uploads\/2020\/10\/Hoolekogu-protokoll09-2020.pdf\" class=\"wp-block-file__button wp-element-button\" download aria-describedby=\"wp-block-file--media-0790100e-1f4c-46a3-a339-614989fee9f3\">Laadi alla<\/a><\/div>\n\n\n\n<p><\/p>\n","protected":false},"excerpt":{"rendered":"<p>P\u00f5him\u00e4\u00e4rus Kooli arengukava Huvikooli vastuv\u00f5tmise, v\u00e4ljaarvamise ja l\u00f5petamise tingimused ja kord N\u00f5o Muusikakooli \u00f5pilase kodukord N\u00f5o Muusikakooli hindamisjuhend N\u00f5uded sisseastujale Hoolekogu koosoleku protokollid 2017. aastal: Jaanuari hoolekogu koosoleku protokoll Veebruari hoolekogu koosoleku protokoll M\u00e4rtsi hoolekogu koosoleku protokoll Aprilli hoolekogu koosoleku &hellip; <a href=\"https:\/\/muusika.nvv.ee\/?page_id=36\">J\u00e4tka lugemist <span class=\"meta-nav\">&rarr;<\/span><\/a><\/p>\n","protected":false},"author":7,"featured_media":0,"parent":0,"menu_order":3,"comment_status":"closed","ping_status":"closed","template":"","meta":{"footnotes":""},"class_list":["post-36","page","type-page","status-publish","hentry"],"_links":{"self":[{"href":"https:\/\/muusika.nvv.ee\/index.php?rest_route=\/wp\/v2\/pages\/36","targetHints":{"allow":["GET"]}}],"collection":[{"href":"https:\/\/muusika.nvv.ee\/index.php?rest_route=\/wp\/v2\/pages"}],"about":[{"href":"https:\/\/muusika.nvv.ee\/index.php?rest_route=\/wp\/v2\/types\/page"}],"author":[{"embeddable":true,"href":"https:\/\/muusika.nvv.ee\/index.php?rest_route=\/wp\/v2\/users\/7"}],"replies":[{"embeddable":true,"href":"https:\/\/muusika.nvv.ee\/index.php?rest_route=%2Fwp%2Fv2%2Fcomments&post=36"}],"version-history":[{"count":26,"href":"https:\/\/muusika.nvv.ee\/index.php?rest_route=\/wp\/v2\/pages\/36\/revisions"}],"predecessor-version":[{"id":3579,"href":"https:\/\/muusika.nvv.ee\/index.php?rest_route=\/wp\/v2\/pages\/36\/revisions\/3579"}],"wp:attachment":[{"href":"https:\/\/muusika.nvv.ee\/index.php?rest_route=%2Fwp%2Fv2%2Fmedia&parent=36"}],"curies":[{"name":"wp","href":"https:\/\/api.w.org\/{rel}","templated":true}]}}