{"id":3129,"date":"2021-09-13T10:44:15","date_gmt":"2021-09-13T08:44:15","guid":{"rendered":"https:\/\/muusika.nvv.ee\/?page_id=3129"},"modified":"2025-09-11T15:00:34","modified_gmt":"2025-09-11T13:00:34","slug":"eelkool","status":"publish","type":"page","link":"https:\/\/muusika.nvv.ee\/?page_id=3129","title":{"rendered":"EELKOOL 2025"},"content":{"rendered":"\n<p>N\u00f5o muusikakoolis alustab eelkool! Eelkool on m\u00f5eldud 6-7 aastastele lastele (lasteaia viimane r\u00fchm, p\u00f5hikooli 1. klass), kes veel t\u00e4pselt ei tea, kas ja mida nad sooviksid muusikakoolis \u00f5ppida.<\/p>\n\n\n\n<p><strong>Sisseastumiskatseid ei ole, kuid kohtade arv on piiratud<\/strong> (kuni 10 \u00f5pilast)! Tegevused toimuvad kahes grupis (5+5).<\/p>\n\n\n\n<p>Eelkoolis k\u00e4ib \u00f5pilane 1x n\u00e4dalas, korraga 40 minutit. 1 \u00f5ppets\u00fckkel kestab 6 n\u00e4dalat.<\/p>\n\n\n\n<p>Esimesel poolaastal k\u00e4ib \u00fcks grupp (kuni 5 \u00f5pilast) neljap\u00e4eval kell 17:40 viiuliga tutvumas, teine grupp (kuni 5 \u00f5pilast) reedel kell 17:00 r\u00fctmipillidega tutvumas. 6. n\u00e4dala m\u00f6\u00f6dudes vahetavad grupid kohad. Kokku on 4 \u00f5ppets\u00fcklit, kaks 1. poolaastal, kaks 2. poolaastal (24 n\u00e4dalat). <\/p>\n\n\n\n<p>Teise poolaastal toimub neljap\u00e4eval laulutund ja reedel puhkpill.<\/p>\n\n\n\n<p>\u00d5ppe tasu on 36 eurot ts\u00fckkel (6 n\u00e4dalat) ja eeldame, et \u00f5pilane v\u00f5tab osa terve \u00f5ppeaasta (kokku 144.-).<\/p>\n\n\n\n<p><strong>Eelkool alustab neljap\u00e4eval, 25. septembril! Registreeruda saab <a href=\"https:\/\/forms.gle\/WTqF5VLq4xeXGEX16\" data-type=\"link\" data-id=\"https:\/\/forms.gle\/WTqF5VLq4xeXGEX16\">SIIN<\/a><\/strong><\/p>\n\n\n\n<p><\/p>\n\n\n\n<p><\/p>\n","protected":false},"excerpt":{"rendered":"<p>N\u00f5o muusikakoolis alustab eelkool! Eelkool on m\u00f5eldud 6-7 aastastele lastele (lasteaia viimane r\u00fchm, p\u00f5hikooli 1. klass), kes veel t\u00e4pselt ei tea, kas ja mida nad sooviksid muusikakoolis \u00f5ppida. Sisseastumiskatseid ei ole, kuid kohtade arv on piiratud (kuni 10 \u00f5pilast)! Tegevused &hellip; <a href=\"https:\/\/muusika.nvv.ee\/?page_id=3129\">J\u00e4tka lugemist <span class=\"meta-nav\">&rarr;<\/span><\/a><\/p>\n","protected":false},"author":7,"featured_media":0,"parent":0,"menu_order":0,"comment_status":"closed","ping_status":"closed","template":"","meta":{"footnotes":""},"class_list":["post-3129","page","type-page","status-publish","hentry"],"_links":{"self":[{"href":"https:\/\/muusika.nvv.ee\/index.php?rest_route=\/wp\/v2\/pages\/3129","targetHints":{"allow":["GET"]}}],"collection":[{"href":"https:\/\/muusika.nvv.ee\/index.php?rest_route=\/wp\/v2\/pages"}],"about":[{"href":"https:\/\/muusika.nvv.ee\/index.php?rest_route=\/wp\/v2\/types\/page"}],"author":[{"embeddable":true,"href":"https:\/\/muusika.nvv.ee\/index.php?rest_route=\/wp\/v2\/users\/7"}],"replies":[{"embeddable":true,"href":"https:\/\/muusika.nvv.ee\/index.php?rest_route=%2Fwp%2Fv2%2Fcomments&post=3129"}],"version-history":[{"count":18,"href":"https:\/\/muusika.nvv.ee\/index.php?rest_route=\/wp\/v2\/pages\/3129\/revisions"}],"predecessor-version":[{"id":3559,"href":"https:\/\/muusika.nvv.ee\/index.php?rest_route=\/wp\/v2\/pages\/3129\/revisions\/3559"}],"wp:attachment":[{"href":"https:\/\/muusika.nvv.ee\/index.php?rest_route=%2Fwp%2Fv2%2Fmedia&parent=3129"}],"curies":[{"name":"wp","href":"https:\/\/api.w.org\/{rel}","templated":true}]}}