{"id":3113,"date":"2021-09-09T15:34:56","date_gmt":"2021-09-09T13:34:56","guid":{"rendered":"https:\/\/muusika.nvv.ee\/?page_id=3113"},"modified":"2022-05-12T09:06:53","modified_gmt":"2022-05-12T07:06:53","slug":"meedia","status":"publish","type":"page","link":"https:\/\/muusika.nvv.ee\/?page_id=3113","title":{"rendered":"MEEDIA"},"content":{"rendered":"\n<p>\u00d5pihuvilaagris augusti l\u00f5pus k\u00e4isid meie \u00f5pilased Elleri koolis ning said l\u00fchikese ajaga valmis toredad animatsioonid. Head vaatamist! \ud83d\ude42<\/p>\n\n\n\n<div class=\"wp-block-file\"><a id=\"wp-block-file--media-dd334d23-79bd-4905-8c24-9cba423b0318\" href=\"https:\/\/muusika.nvv.ee\/wp-content\/uploads\/2021\/09\/Noo-Muusikakooli-animatsioonid-2021.mp4\">Noo-Muusikakooli-animatsioonid-2021<\/a><a href=\"https:\/\/muusika.nvv.ee\/wp-content\/uploads\/2021\/09\/Noo-Muusikakooli-animatsioonid-2021.mp4\" class=\"wp-block-file__button\" download aria-describedby=\"wp-block-file--media-dd334d23-79bd-4905-8c24-9cba423b0318\">Laadi alla<\/a><\/div>\n\n\n\n<p>N\u00f5o Muusikakoolis toimus akordioni s\u00fcnnip\u00e4evale p\u00fchendatud kontsert. <\/p>\n\n\n\n<figure class=\"wp-block-embed is-type-video is-provider-youtube wp-block-embed-youtube wp-embed-aspect-16-9 wp-has-aspect-ratio\"><div class=\"wp-block-embed__wrapper\">\n<iframe loading=\"lazy\" title=\"akordion peab s\u00fcnnip\u00e4eva 2022\" width=\"640\" height=\"360\" src=\"https:\/\/www.youtube.com\/embed\/jp0RvWMyU9s?feature=oembed\" frameborder=\"0\" allow=\"accelerometer; autoplay; clipboard-write; encrypted-media; gyroscope; picture-in-picture; web-share\" referrerpolicy=\"strict-origin-when-cross-origin\" allowfullscreen><\/iframe>\n<\/div><\/figure>\n","protected":false},"excerpt":{"rendered":"<p>\u00d5pihuvilaagris augusti l\u00f5pus k\u00e4isid meie \u00f5pilased Elleri koolis ning said l\u00fchikese ajaga valmis toredad animatsioonid. Head vaatamist! \ud83d\ude42 N\u00f5o Muusikakoolis toimus akordioni s\u00fcnnip\u00e4evale p\u00fchendatud kontsert.<\/p>\n","protected":false},"author":7,"featured_media":0,"parent":0,"menu_order":0,"comment_status":"closed","ping_status":"closed","template":"","meta":{"footnotes":""},"class_list":["post-3113","page","type-page","status-publish","hentry"],"_links":{"self":[{"href":"https:\/\/muusika.nvv.ee\/index.php?rest_route=\/wp\/v2\/pages\/3113","targetHints":{"allow":["GET"]}}],"collection":[{"href":"https:\/\/muusika.nvv.ee\/index.php?rest_route=\/wp\/v2\/pages"}],"about":[{"href":"https:\/\/muusika.nvv.ee\/index.php?rest_route=\/wp\/v2\/types\/page"}],"author":[{"embeddable":true,"href":"https:\/\/muusika.nvv.ee\/index.php?rest_route=\/wp\/v2\/users\/7"}],"replies":[{"embeddable":true,"href":"https:\/\/muusika.nvv.ee\/index.php?rest_route=%2Fwp%2Fv2%2Fcomments&post=3113"}],"version-history":[{"count":3,"href":"https:\/\/muusika.nvv.ee\/index.php?rest_route=\/wp\/v2\/pages\/3113\/revisions"}],"predecessor-version":[{"id":3249,"href":"https:\/\/muusika.nvv.ee\/index.php?rest_route=\/wp\/v2\/pages\/3113\/revisions\/3249"}],"wp:attachment":[{"href":"https:\/\/muusika.nvv.ee\/index.php?rest_route=%2Fwp%2Fv2%2Fmedia&parent=3113"}],"curies":[{"name":"wp","href":"https:\/\/api.w.org\/{rel}","templated":true}]}}

<p>Õpihuvilaagris augusti lõpus käisid meie õpilased Elleri koolis ning said lühikese ajaga valmis toredad animatsioonid. Head vaatamist! 🙂</p>



<div class="wp-block-file"><a id="wp-block-file--media-dd334d23-79bd-4905-8c24-9cba423b0318" href="https://muusika.nvv.ee/wp-content/uploads/2021/09/Noo-Muusikakooli-animatsioonid-2021.mp4">Noo-Muusikakooli-animatsioonid-2021</a><a href="https://muusika.nvv.ee/wp-content/uploads/2021/09/Noo-Muusikakooli-animatsioonid-2021.mp4" class="wp-block-file__button" download aria-describedby="wp-block-file--media-dd334d23-79bd-4905-8c24-9cba423b0318">Laadi alla</a></div>



<p>Nõo Muusikakoolis toimus akordioni sünnipäevale pühendatud kontsert. </p>



<figure class="wp-block-embed is-type-video is-provider-youtube wp-block-embed-youtube wp-embed-aspect-16-9 wp-has-aspect-ratio"><div class="wp-block-embed__wrapper">
<iframe loading="lazy" title="akordion peab sünnipäeva 2022" width="640" height="360" src="https://www.youtube.com/embed/jp0RvWMyU9s?feature=oembed" frameborder="0" allow="accelerometer; autoplay; clipboard-write; encrypted-media; gyroscope; picture-in-picture; web-share" referrerpolicy="strict-origin-when-cross-origin" allowfullscreen></iframe>
</div></figure>

<p>Õpihuvilaagris augusti lõpus käisid meie õpilased Elleri koolis ning said lühikese ajaga valmis toredad animatsioonid. Head vaatamist! 🙂 Nõo Muusikakoolis toimus akordioni sünnipäevale pühendatud kontsert.</p>
