{"id":1024,"date":"2016-04-18T14:35:30","date_gmt":"2016-04-18T14:35:30","guid":{"rendered":"http:\/\/muusika.nvv.ee\/?page_id=1024"},"modified":"2016-04-18T14:35:30","modified_gmt":"2016-04-18T14:35:30","slug":"oppekavad","status":"publish","type":"page","link":"https:\/\/muusika.nvv.ee\/?page_id=1024","title":{"rendered":"\u00d5ppekavad"},"content":{"rendered":"<p>\u00d5ppet\u00f6\u00f6 toimub vastavalt EHIS-es kinnitatud \u00f5ppekavadele, mis on leitavad <a href=\"https:\/\/enda.ehis.ee\/avalik\/avalik\/oppekava\/OppekavaOtsi.faces\">SIIT<\/a><\/p>\n","protected":false},"excerpt":{"rendered":"<p>\u00d5ppet\u00f6\u00f6 toimub vastavalt EHIS-es kinnitatud \u00f5ppekavadele, mis on leitavad SIIT<\/p>\n","protected":false},"author":4,"featured_media":0,"parent":39,"menu_order":0,"comment_status":"closed","ping_status":"closed","template":"","meta":{"footnotes":""},"class_list":["post-1024","page","type-page","status-publish","hentry"],"_links":{"self":[{"href":"https:\/\/muusika.nvv.ee\/index.php?rest_route=\/wp\/v2\/pages\/1024","targetHints":{"allow":["GET"]}}],"collection":[{"href":"https:\/\/muusika.nvv.ee\/index.php?rest_route=\/wp\/v2\/pages"}],"about":[{"href":"https:\/\/muusika.nvv.ee\/index.php?rest_route=\/wp\/v2\/types\/page"}],"author":[{"embeddable":true,"href":"https:\/\/muusika.nvv.ee\/index.php?rest_route=\/wp\/v2\/users\/4"}],"replies":[{"embeddable":true,"href":"https:\/\/muusika.nvv.ee\/index.php?rest_route=%2Fwp%2Fv2%2Fcomments&post=1024"}],"version-history":[{"count":1,"href":"https:\/\/muusika.nvv.ee\/index.php?rest_route=\/wp\/v2\/pages\/1024\/revisions"}],"predecessor-version":[{"id":1025,"href":"https:\/\/muusika.nvv.ee\/index.php?rest_route=\/wp\/v2\/pages\/1024\/revisions\/1025"}],"up":[{"embeddable":true,"href":"https:\/\/muusika.nvv.ee\/index.php?rest_route=\/wp\/v2\/pages\/39"}],"wp:attachment":[{"href":"https:\/\/muusika.nvv.ee\/index.php?rest_route=%2Fwp%2Fv2%2Fmedia&parent=1024"}],"curies":[{"name":"wp","href":"https:\/\/api.w.org\/{rel}","templated":true}]}}